{"id":3182,"date":"2026-08-12T08:07:50","date_gmt":"2026-08-12T06:07:50","guid":{"rendered":"https:\/\/www.pacellico.com\/tym-pacellico\/miroslav-jakuba\/"},"modified":"2026-08-12T08:22:10","modified_gmt":"2026-08-12T06:22:10","slug":"miroslav-jakuba","status":"publish","type":"page","link":"https:\/\/www.pacellico.com\/cs\/tym-pacellico\/miroslav-jakuba\/","title":{"rendered":"Miroslav Jakuba"},"content":{"rendered":"<p><div class=\"fusion-fullwidth fullwidth-box fusion-builder-row-1 fusion-flex-container has-pattern-background has-mask-background nonhundred-percent-fullwidth non-hundred-percent-height-scrolling\" style=\"--awb-border-radius-top-left:0px;--awb-border-radius-top-right:0px;--awb-border-radius-bottom-right:0px;--awb-border-radius-bottom-left:0px;--awb-flex-wrap:wrap;\" ><div class=\"fusion-builder-row fusion-row fusion-flex-align-items-flex-start fusion-flex-content-wrap\" style=\"max-width:1352px;margin-left: calc(-4% \/ 2 );margin-right: calc(-4% \/ 2 );\"><div class=\"fusion-layout-column fusion_builder_column fusion-builder-column-0 fusion_builder_column_1_4 1_4 fusion-flex-column\" style=\"--awb-bg-size:cover;--awb-width-large:25%;--awb-margin-top-large:0px;--awb-spacing-right-large:7.68%;--awb-margin-bottom-large:20px;--awb-spacing-left-large:7.68%;--awb-width-medium:25%;--awb-order-medium:0;--awb-spacing-right-medium:7.68%;--awb-spacing-left-medium:7.68%;--awb-width-small:100%;--awb-order-small:0;--awb-spacing-right-small:1.92%;--awb-spacing-left-small:1.92%;\"><div class=\"fusion-column-wrapper fusion-column-has-shadow fusion-flex-justify-content-flex-start fusion-content-layout-column\"><div class=\"fusion-image-element\" style=\"--awb-caption-title-font-family:var(--h2_typography-font-family);--awb-caption-title-font-weight:var(--h2_typography-font-weight);--awb-caption-title-font-style:var(--h2_typography-font-style);--awb-caption-title-size:var(--h2_typography-font-size);--awb-caption-title-transform:var(--h2_typography-text-transform);--awb-caption-title-line-height:var(--h2_typography-line-height);--awb-caption-title-letter-spacing:var(--h2_typography-letter-spacing);\"><span class=\" fusion-imageframe imageframe-none imageframe-1 hover-type-none\"><img decoding=\"async\" width=\"300\" height=\"400\" alt=\"Miroslav Jakuba\" title=\"Miroslav Jakuba\" src=\"https:\/\/www.pacellico.com\/wp-content\/uploads\/2026\/08\/Mirek-Jakuba-1.png\" data-orig-src=\"https:\/\/www.pacellico.com\/wp-content\/uploads\/2026\/08\/Mirek-Jakuba-1.png\" class=\"lazyload img-responsive wp-image-3181\" srcset=\"data:image\/svg+xml,%3Csvg%20xmlns%3D%27http%3A%2F%2Fwww.w3.org%2F2000%2Fsvg%27%20width%3D%27300%27%20height%3D%27400%27%20viewBox%3D%270%200%20300%20400%27%3E%3Crect%20width%3D%27300%27%20height%3D%27400%27%20fill-opacity%3D%220%22%2F%3E%3C%2Fsvg%3E\" data-srcset=\"https:\/\/www.pacellico.com\/wp-content\/uploads\/2026\/08\/Mirek-Jakuba-1-200x267.png 200w, https:\/\/www.pacellico.com\/wp-content\/uploads\/2026\/08\/Mirek-Jakuba-1.png 300w\" data-sizes=\"auto\" data-orig-sizes=\"(max-width: 640px) 100vw, 300px\" \/><\/span><\/div><\/div><\/div><div class=\"fusion-layout-column fusion_builder_column fusion-builder-column-1 fusion_builder_column_3_4 3_4 fusion-flex-column\" style=\"--awb-bg-size:cover;--awb-width-large:75%;--awb-margin-top-large:0px;--awb-spacing-right-large:2.56%;--awb-margin-bottom-large:20px;--awb-spacing-left-large:2.56%;--awb-width-medium:75%;--awb-order-medium:0;--awb-spacing-right-medium:2.56%;--awb-spacing-left-medium:2.56%;--awb-width-small:100%;--awb-order-small:0;--awb-spacing-right-small:1.92%;--awb-spacing-left-small:1.92%;\"><div class=\"fusion-column-wrapper fusion-column-has-shadow fusion-flex-justify-content-flex-start fusion-content-layout-column\"><div class=\"fusion-text fusion-text-1\"><h1>Miroslav Jakuba<br \/>\nTransformace a digitalizace<\/h1>\n<\/div><div ><a class=\"fusion-button button-flat fusion-button-default-size button-custom fusion-button-default button-1 fusion-button-default-span fusion-button-default-type\" style=\"--awb-margin-bottom:25px;--button_accent_color:#ffffff;--button_accent_hover_color:#ffffff;--button_border_hover_color:#ffffff;--button_gradient_top_color:var(--awb-color5);--button_gradient_bottom_color:var(--awb-color5);--button_gradient_top_color_hover:#5aa86c;--button_gradient_bottom_color_hover:#5aa86c;--button_typography-font-family:-apple-system, BlinkMacSystemFont, &#x27;Segoe UI&#x27;, Roboto, Oxygen-Sans, Ubuntu, Cantarell, &#x27;Helvetica Neue&#x27; ,sans-serif;--button_typography-font-style:normal;--button_typography-font-weight:400;\" target=\"_self\" data-hover=\"icon_slide\" href=\"https:\/\/www.linkedin.com\/in\/miroslav-jakuba-64b20b4\/\"><span class=\"fusion-button-text awb-button__text awb-button__text--default\">Spojte se s Miroslavem na LinkedInu<\/span><i class=\"fa-linkedin fab awb-button__icon awb-button__icon--default button-icon-right\" aria-hidden=\"true\"><\/i><\/a><\/div><ul style=\"--awb-line-height:27.2px;--awb-icon-width:27.2px;--awb-icon-height:27.2px;--awb-icon-margin:11.2px;--awb-content-margin:38.4px;--awb-circlecolor:#65bc7b;--awb-circle-yes-font-size:14.08px;\" class=\"fusion-checklist fusion-checklist-1 fusion-checklist-default type-icons\"><li class=\"fusion-li-item\" style=\"\"><span class=\"icon-wrapper circle-yes\"><i class=\"fusion-li-icon fa-check-circle fas\" aria-hidden=\"true\"><\/i><\/span><div class=\"fusion-li-item-content\">PMO a projekty<\/div><\/li><li class=\"fusion-li-item\" style=\"\"><span class=\"icon-wrapper circle-yes\"><i class=\"fusion-li-icon fa-check-circle fas\" aria-hidden=\"true\"><\/i><\/span><div class=\"fusion-li-item-content\">Transformace<\/div><\/li><li class=\"fusion-li-item\" style=\"\"><span class=\"icon-wrapper circle-yes\"><i class=\"fusion-li-icon fa-check-circle fas\" aria-hidden=\"true\"><\/i><\/span><div class=\"fusion-li-item-content\">Digitalizace<\/div><\/li><\/ul><\/div><\/div><\/div><\/div><div class=\"fusion-fullwidth fullwidth-box fusion-builder-row-2 fusion-flex-container has-pattern-background has-mask-background nonhundred-percent-fullwidth non-hundred-percent-height-scrolling\" style=\"--awb-border-radius-top-left:0px;--awb-border-radius-top-right:0px;--awb-border-radius-bottom-right:0px;--awb-border-radius-bottom-left:0px;--awb-flex-wrap:wrap;\" ><div class=\"fusion-builder-row fusion-row fusion-flex-align-items-flex-start fusion-flex-content-wrap\" style=\"max-width:1352px;margin-left: calc(-4% \/ 2 );margin-right: calc(-4% \/ 2 );\"><div class=\"fusion-layout-column fusion_builder_column fusion-builder-column-2 fusion_builder_column_1_1 1_1 fusion-flex-column\" style=\"--awb-bg-size:cover;--awb-width-large:100%;--awb-margin-top-large:0px;--awb-spacing-right-large:1.92%;--awb-margin-bottom-large:20px;--awb-spacing-left-large:1.92%;--awb-width-medium:100%;--awb-order-medium:0;--awb-spacing-right-medium:1.92%;--awb-spacing-left-medium:1.92%;--awb-width-small:100%;--awb-order-small:0;--awb-spacing-right-small:1.92%;--awb-spacing-left-small:1.92%;\"><div class=\"fusion-column-wrapper fusion-column-has-shadow fusion-flex-justify-content-flex-start fusion-content-layout-column\"><div class=\"fusion-text fusion-text-2\"><p>Mirek je zku\u0161en\u00fd projektov\u00fd mana\u017eer a odborn\u00edk na \u0159\u00edzen\u00ed projektov\u00e9ho portfolia s v\u00edce ne\u017e 15 lety praxe v realizaci program\u016f zam\u011b\u0159en\u00fdch na transformaci, digitalizaci a zvy\u0161ov\u00e1n\u00ed efektivity v glob\u00e1ln\u00edch organizac\u00edch.\u200b<\/p>\n<p>Jako vedouc\u00ed portfolia ve spole\u010dnosti Garrett \u0159\u00eddil n\u00e1vrh a zaveden\u00ed glob\u00e1ln\u00edho r\u00e1mce pro \u0159\u00edzen\u00ed popt\u00e1vky a projektov\u00e9 \u0159\u00edzen\u00ed, kter\u00fd up\u0159ednost\u0148oval iniciativy s vysokou p\u0159idanou hodnotou, sn\u00ed\u017eil objem prac\u00ed s n\u00edzk\u00fdm dopadem o 70 % a uvolnil kapacity pro strategick\u00e9 projekty. Rovn\u011b\u017e \u0159\u00eddil kl\u00ed\u010dov\u00e9 transformace v oblasti IT, v\u010detn\u011b zaji\u0161\u0165ov\u00e1n\u00ed infrastruktury, racionalizace aplikac\u00ed a optimalizace n\u00e1klad\u016f.\u200b <\/p>\n<p>Jako projektov\u00fd mana\u017eer Mirek realizoval \u0159adu glob\u00e1ln\u00edch strategick\u00fdch a digitaliza\u010dn\u00edch program\u016f, p\u0159i\u010dem\u017e m\u011bl na starosti zejm\u00e9na zav\u00e1d\u011bn\u00ed t\u011bchto program\u016f a \u0159\u00edzen\u00ed zm\u011bn. Zab\u00fdval se implementac\u00ed glob\u00e1ln\u00edch \u0159e\u0161en\u00ed v oblasti lidsk\u00fdch zdroj\u016f, nep\u0159\u00edm\u00e9ho n\u00e1kupu a kapit\u00e1lov\u00fdch v\u00fddaj\u016f (CAPEX), zpracov\u00e1n\u00ed faktur, cestovn\u00edch v\u00fddaj\u016f (T&#038;E) a syst\u00e9m\u016f pro business intelligence (BI). \u0158\u00eddil integra\u010dn\u00ed procesy v oblasti IT a financ\u00ed v r\u00e1mci akvizice spole\u010dnosti a vedl n\u011bkolik projekt\u016f souvisej\u00edc\u00edch s ERP, jako byla implementace nov\u00e9 hlavn\u00ed \u00fa\u010detn\u00ed knihy SAP, upgrade SAP BW a roz\u0161\u00ed\u0159en\u00ed \u0161ablon SAP na dal\u0161\u00ed glob\u00e1ln\u00ed pobo\u010dky.\u200b  <\/p>\n<p>D\u0159\u00edve Mirek jako konzultant pro obchodn\u00ed procesy mapoval, navrhoval a optimalizoval kl\u00ed\u010dov\u00e9 obchodn\u00ed procesy v r\u016fzn\u00fdch odv\u011btv\u00edch, v\u010detn\u011b automobilov\u00e9ho pr\u016fmyslu, stroj\u00edrenstv\u00ed, v\u00fdroby, bankovnictv\u00ed a st\u00e1tn\u00ed spr\u00e1vy. Vedl tak\u00e9 n\u00e1vrh a implementaci integrovan\u00e9ho syst\u00e9mu finan\u010dn\u00edho a kapacitn\u00edho pl\u00e1nov\u00e1n\u00ed, kter\u00fd umo\u017enil p\u0159ij\u00edmat strategick\u00e1 rozhodnut\u00ed zalo\u017een\u00e1 na datech i v podm\u00ednk\u00e1ch vysok\u00e9 volatility popt\u00e1vky b\u011bhem krize dodavatelsk\u00e9ho \u0159et\u011bzce v automobilov\u00e9m pr\u016fmyslu v roce 2008. <\/p>\n<\/div><\/div><\/div><\/div><\/div><\/p>\n","protected":false},"excerpt":{"rendered":"","protected":false},"author":1,"featured_media":0,"parent":1932,"menu_order":0,"comment_status":"closed","ping_status":"closed","template":"","meta":{"_acf_changed":false,"footnotes":""},"class_list":["post-3182","page","type-page","status-publish","hentry"],"acf":[],"_links":{"self":[{"href":"https:\/\/www.pacellico.com\/cs\/wp-json\/wp\/v2\/pages\/3182","targetHints":{"allow":["GET"]}}],"collection":[{"href":"https:\/\/www.pacellico.com\/cs\/wp-json\/wp\/v2\/pages"}],"about":[{"href":"https:\/\/www.pacellico.com\/cs\/wp-json\/wp\/v2\/types\/page"}],"author":[{"embeddable":true,"href":"https:\/\/www.pacellico.com\/cs\/wp-json\/wp\/v2\/users\/1"}],"replies":[{"embeddable":true,"href":"https:\/\/www.pacellico.com\/cs\/wp-json\/wp\/v2\/comments?post=3182"}],"version-history":[{"count":4,"href":"https:\/\/www.pacellico.com\/cs\/wp-json\/wp\/v2\/pages\/3182\/revisions"}],"predecessor-version":[{"id":3194,"href":"https:\/\/www.pacellico.com\/cs\/wp-json\/wp\/v2\/pages\/3182\/revisions\/3194"}],"up":[{"embeddable":true,"href":"https:\/\/www.pacellico.com\/cs\/wp-json\/wp\/v2\/pages\/1932"}],"wp:attachment":[{"href":"https:\/\/www.pacellico.com\/cs\/wp-json\/wp\/v2\/media?parent=3182"}],"curies":[{"name":"wp","href":"https:\/\/api.w.org\/{rel}","templated":true}]}}

<p><div class="fusion-fullwidth fullwidth-box fusion-builder-row-1 fusion-flex-container has-pattern-background has-mask-background nonhundred-percent-fullwidth non-hundred-percent-height-scrolling" style="--awb-border-radius-top-left:0px;--awb-border-radius-top-right:0px;--awb-border-radius-bottom-right:0px;--awb-border-radius-bottom-left:0px;--awb-flex-wrap:wrap;" ><div class="fusion-builder-row fusion-row fusion-flex-align-items-flex-start fusion-flex-content-wrap" style="max-width:1352px;margin-left: calc(-4% / 2 );margin-right: calc(-4% / 2 );"><div class="fusion-layout-column fusion_builder_column fusion-builder-column-0 fusion_builder_column_1_4 1_4 fusion-flex-column" style="--awb-bg-size:cover;--awb-width-large:25%;--awb-margin-top-large:0px;--awb-spacing-right-large:7.68%;--awb-margin-bottom-large:20px;--awb-spacing-left-large:7.68%;--awb-width-medium:25%;--awb-order-medium:0;--awb-spacing-right-medium:7.68%;--awb-spacing-left-medium:7.68%;--awb-width-small:100%;--awb-order-small:0;--awb-spacing-right-small:1.92%;--awb-spacing-left-small:1.92%;"><div class="fusion-column-wrapper fusion-column-has-shadow fusion-flex-justify-content-flex-start fusion-content-layout-column"><div class="fusion-image-element" style="--awb-caption-title-font-family:var(--h2_typography-font-family);--awb-caption-title-font-weight:var(--h2_typography-font-weight);--awb-caption-title-font-style:var(--h2_typography-font-style);--awb-caption-title-size:var(--h2_typography-font-size);--awb-caption-title-transform:var(--h2_typography-text-transform);--awb-caption-title-line-height:var(--h2_typography-line-height);--awb-caption-title-letter-spacing:var(--h2_typography-letter-spacing);"><span class=" fusion-imageframe imageframe-none imageframe-1 hover-type-none"><img decoding="async" width="300" height="400" alt="Miroslav Jakuba" title="Miroslav Jakuba" src="https://www.pacellico.com/wp-content/uploads/2026/08/Mirek-Jakuba-1.png" data-orig-src="https://www.pacellico.com/wp-content/uploads/2026/08/Mirek-Jakuba-1.png" class="lazyload img-responsive wp-image-3181" srcset="data:image/svg+xml,%3Csvg%20xmlns%3D%27http%3A%2F%2Fwww.w3.org%2F2000%2Fsvg%27%20width%3D%27300%27%20height%3D%27400%27%20viewBox%3D%270%200%20300%20400%27%3E%3Crect%20width%3D%27300%27%20height%3D%27400%27%20fill-opacity%3D%220%22%2F%3E%3C%2Fsvg%3E" data-srcset="https://www.pacellico.com/wp-content/uploads/2026/08/Mirek-Jakuba-1-200x267.png 200w, https://www.pacellico.com/wp-content/uploads/2026/08/Mirek-Jakuba-1.png 300w" data-sizes="auto" data-orig-sizes="(max-width: 640px) 100vw, 300px" /></span></div></div></div><div class="fusion-layout-column fusion_builder_column fusion-builder-column-1 fusion_builder_column_3_4 3_4 fusion-flex-column" style="--awb-bg-size:cover;--awb-width-large:75%;--awb-margin-top-large:0px;--awb-spacing-right-large:2.56%;--awb-margin-bottom-large:20px;--awb-spacing-left-large:2.56%;--awb-width-medium:75%;--awb-order-medium:0;--awb-spacing-right-medium:2.56%;--awb-spacing-left-medium:2.56%;--awb-width-small:100%;--awb-order-small:0;--awb-spacing-right-small:1.92%;--awb-spacing-left-small:1.92%;"><div class="fusion-column-wrapper fusion-column-has-shadow fusion-flex-justify-content-flex-start fusion-content-layout-column"><div class="fusion-text fusion-text-1"><h1>Miroslav Jakuba<br />
Transformace a digitalizace</h1>
</div><div ><a class="fusion-button button-flat fusion-button-default-size button-custom fusion-button-default button-1 fusion-button-default-span fusion-button-default-type" style="--awb-margin-bottom:25px;--button_accent_color:#ffffff;--button_accent_hover_color:#ffffff;--button_border_hover_color:#ffffff;--button_gradient_top_color:var(--awb-color5);--button_gradient_bottom_color:var(--awb-color5);--button_gradient_top_color_hover:#5aa86c;--button_gradient_bottom_color_hover:#5aa86c;--button_typography-font-family:-apple-system, BlinkMacSystemFont, &#x27;Segoe UI&#x27;, Roboto, Oxygen-Sans, Ubuntu, Cantarell, &#x27;Helvetica Neue&#x27; ,sans-serif;--button_typography-font-style:normal;--button_typography-font-weight:400;" target="_self" data-hover="icon_slide" href="https://www.linkedin.com/in/miroslav-jakuba-64b20b4/"><span class="fusion-button-text awb-button__text awb-button__text--default">Spojte se s Miroslavem na LinkedInu</span><i class="fa-linkedin fab awb-button__icon awb-button__icon--default button-icon-right" aria-hidden="true"></i></a></div><ul style="--awb-line-height:27.2px;--awb-icon-width:27.2px;--awb-icon-height:27.2px;--awb-icon-margin:11.2px;--awb-content-margin:38.4px;--awb-circlecolor:#65bc7b;--awb-circle-yes-font-size:14.08px;" class="fusion-checklist fusion-checklist-1 fusion-checklist-default type-icons"><li class="fusion-li-item" style=""><span class="icon-wrapper circle-yes"><i class="fusion-li-icon fa-check-circle fas" aria-hidden="true"></i></span><div class="fusion-li-item-content">PMO a projekty</div></li><li class="fusion-li-item" style=""><span class="icon-wrapper circle-yes"><i class="fusion-li-icon fa-check-circle fas" aria-hidden="true"></i></span><div class="fusion-li-item-content">Transformace</div></li><li class="fusion-li-item" style=""><span class="icon-wrapper circle-yes"><i class="fusion-li-icon fa-check-circle fas" aria-hidden="true"></i></span><div class="fusion-li-item-content">Digitalizace</div></li></ul></div></div></div></div><div class="fusion-fullwidth fullwidth-box fusion-builder-row-2 fusion-flex-container has-pattern-background has-mask-background nonhundred-percent-fullwidth non-hundred-percent-height-scrolling" style="--awb-border-radius-top-left:0px;--awb-border-radius-top-right:0px;--awb-border-radius-bottom-right:0px;--awb-border-radius-bottom-left:0px;--awb-flex-wrap:wrap;" ><div class="fusion-builder-row fusion-row fusion-flex-align-items-flex-start fusion-flex-content-wrap" style="max-width:1352px;margin-left: calc(-4% / 2 );margin-right: calc(-4% / 2 );"><div class="fusion-layout-column fusion_builder_column fusion-builder-column-2 fusion_builder_column_1_1 1_1 fusion-flex-column" style="--awb-bg-size:cover;--awb-width-large:100%;--awb-margin-top-large:0px;--awb-spacing-right-large:1.92%;--awb-margin-bottom-large:20px;--awb-spacing-left-large:1.92%;--awb-width-medium:100%;--awb-order-medium:0;--awb-spacing-right-medium:1.92%;--awb-spacing-left-medium:1.92%;--awb-width-small:100%;--awb-order-small:0;--awb-spacing-right-small:1.92%;--awb-spacing-left-small:1.92%;"><div class="fusion-column-wrapper fusion-column-has-shadow fusion-flex-justify-content-flex-start fusion-content-layout-column"><div class="fusion-text fusion-text-2"><p>Mirek je zkušený projektový manažer a odborník na řízení projektového portfolia s více než 15 lety praxe v realizaci programů zaměřených na transformaci, digitalizaci a zvyšování efektivity v globálních organizacích.​</p>
<p>Jako vedoucí portfolia ve společnosti Garrett řídil návrh a zavedení globálního rámce pro řízení poptávky a projektové řízení, který upřednostňoval iniciativy s vysokou přidanou hodnotou, snížil objem prací s nízkým dopadem o 70 % a uvolnil kapacity pro strategické projekty. Rovněž řídil klíčové transformace v oblasti IT, včetně zajišťování infrastruktury, racionalizace aplikací a optimalizace nákladů.​ </p>
<p>Jako projektový manažer Mirek realizoval řadu globálních strategických a digitalizačních programů, přičemž měl na starosti zejména zavádění těchto programů a řízení změn. Zabýval se implementací globálních řešení v oblasti lidských zdrojů, nepřímého nákupu a kapitálových výdajů (CAPEX), zpracování faktur, cestovních výdajů (T&#038;E) a systémů pro business intelligence (BI). Řídil integrační procesy v oblasti IT a financí v rámci akvizice společnosti a vedl několik projektů souvisejících s ERP, jako byla implementace nové hlavní účetní knihy SAP, upgrade SAP BW a rozšíření šablon SAP na další globální pobočky.​  </p>
<p>Dříve Mirek jako konzultant pro obchodní procesy mapoval, navrhoval a optimalizoval klíčové obchodní procesy v různých odvětvích, včetně automobilového průmyslu, strojírenství, výroby, bankovnictví a státní správy. Vedl také návrh a implementaci integrovaného systému finančního a kapacitního plánování, který umožnil přijímat strategická rozhodnutí založená na datech i v podmínkách vysoké volatility poptávky během krize dodavatelského řetězce v automobilovém průmyslu v roce 2008. </p>
</div></div></div></div></div></p>
